{"id":903,"date":"2020-07-30T18:55:22","date_gmt":"2020-07-30T18:55:22","guid":{"rendered":"http:\/\/gifhorn-hilft.de\/?page_id=903"},"modified":"2023-01-19T11:34:57","modified_gmt":"2023-01-19T11:34:57","slug":"studienfahrt","status":"publish","type":"page","link":"http:\/\/gifhorn-hilft.de\/?page_id=903","title":{"rendered":"Studienfahrt"},"content":{"rendered":"\n<p>Wir m\u00f6chten in 2023 die urspr\u00fcnglich in 2020 geplante Studienfahrt nach Berlin durchf\u00fchren. Aktuell planen wir die Informationsabende zur Vorbereitung und eine Terminierung.  Auch andere Fahrten sind derzeit in Planung. <\/p>\n\n\n\n<p>Reisen bildet. In 2020 wollten wir eine Studienfahrt nach Berlin unternehmen. Vorbereitend waren im Rahmen unserer Montagsgespr\u00e4che Informationsabende zum Thema deutsche Geschichte und die Geschichte Berlins, die politische Hauptstadt Berlin, Sehensw\u00fcrdigkeiten und den kulturellen Angeboten geplant. Der Kontakt zur Politik war schon  aufgenommen. Diese Studienfahrt konnte wegen Corona leider nicht statt finden. <\/p>\n\n\n\n<p>Auf vielfachen Wunsch fuhren wir im Juli 2019 nach Hannover und besuchten den Maschsee, die Herrenh\u00e4user G\u00e4rten und erkundeten die Innenstadt. <\/p>\n\n\n\n<figure class=\"wp-block-image\"><img loading=\"lazy\" decoding=\"async\" width=\"574\" height=\"1024\" src=\"http:\/\/gifhorn-hilft.de\/wp-content\/uploads\/2019\/08\/inCollage_20190807_1718310383194-574x1024.jpg\" alt=\"\" class=\"wp-image-377\" srcset=\"http:\/\/gifhorn-hilft.de\/wp-content\/uploads\/2019\/08\/inCollage_20190807_1718310383194-574x1024.jpg 574w, http:\/\/gifhorn-hilft.de\/wp-content\/uploads\/2019\/08\/inCollage_20190807_1718310383194-168x300.jpg 168w, http:\/\/gifhorn-hilft.de\/wp-content\/uploads\/2019\/08\/inCollage_20190807_1718310383194-768x1370.jpg 768w, http:\/\/gifhorn-hilft.de\/wp-content\/uploads\/2019\/08\/inCollage_20190807_1718310383194.jpg 1920w\" sizes=\"auto, (max-width: 574px) 100vw, 574px\" \/><figcaption class=\"wp-element-caption\">Auf vielfachen Wunsch fuhren wir mit dem Zug nach Hannover. Dort waren wir am Maschsee, in den Herrenh\u00e4user G\u00e4rten und lernten die Innenstadt rund um den Bahnhof kennen.<\/figcaption><\/figure>\n\n\n\n<p style=\"font-size:30px\"><strong>Studienfahrt nach Hamburg im November 2018 <\/strong><\/p>\n\n\n\n<figure class=\"wp-block-image\"><img loading=\"lazy\" decoding=\"async\" width=\"728\" height=\"1024\" src=\"http:\/\/gifhorn-hilft.de\/wp-content\/uploads\/2019\/01\/foto3-728x1024.jpg\" alt=\"\" class=\"wp-image-76\" srcset=\"http:\/\/gifhorn-hilft.de\/wp-content\/uploads\/2019\/01\/foto3-728x1024.jpg 728w, http:\/\/gifhorn-hilft.de\/wp-content\/uploads\/2019\/01\/foto3-213x300.jpg 213w, http:\/\/gifhorn-hilft.de\/wp-content\/uploads\/2019\/01\/foto3-768x1080.jpg 768w, http:\/\/gifhorn-hilft.de\/wp-content\/uploads\/2019\/01\/foto3.jpg 960w\" sizes=\"auto, (max-width: 728px) 100vw, 728px\" \/><figcaption class=\"wp-element-caption\">Im November 2018 sind wir mit einer Gruppe nach Hamburg gefahren. Kurz vor Uelzen mussten wir den Zug verlassen und mit dem Bus nach Uelzen fahren. Leider kamen wir durch die Panne bei Erixx erst zwei Stunden sp\u00e4ter in Hamburg an. Wir besichtigten das Rathaus, waren in der Hafencity, gingen \u00fcber den Hamburger Dom und die Reeperbahn. Es war ein sch\u00f6ner Tag vor allem f\u00fcr diejenigen, die zum ersten Mal in Hamburg waren.<\/figcaption><\/figure>\n\n\n\n<p><\/p>\n","protected":false},"excerpt":{"rendered":"<p>Wir m\u00f6chten in 2023 die urspr\u00fcnglich in 2020 geplante Studienfahrt nach Berlin durchf\u00fchren. Aktuell planen wir die Informationsabende zur Vorbereitung und eine Terminierung. Auch andere Fahrten sind derzeit in Planung. Reisen bildet. In 2020 wollten wir eine Studienfahrt nach Berlin unternehmen. Vorbereitend waren im Rahmen unserer Montagsgespr\u00e4che Informationsabende zum Thema deutsche Geschichte und die Geschichte &hellip; <\/p>\n<p class=\"link-more\"><a href=\"http:\/\/gifhorn-hilft.de\/?page_id=903\" class=\"more-link\"><span class=\"screen-reader-text\">\u201eStudienfahrt\u201c<\/span> weiterlesen<\/a><\/p>\n","protected":false},"author":1,"featured_media":0,"parent":0,"menu_order":0,"comment_status":"closed","ping_status":"closed","template":"","meta":{"footnotes":""},"class_list":["post-903","page","type-page","status-publish","hentry"],"_links":{"self":[{"href":"http:\/\/gifhorn-hilft.de\/index.php?rest_route=\/wp\/v2\/pages\/903","targetHints":{"allow":["GET"]}}],"collection":[{"href":"http:\/\/gifhorn-hilft.de\/index.php?rest_route=\/wp\/v2\/pages"}],"about":[{"href":"http:\/\/gifhorn-hilft.de\/index.php?rest_route=\/wp\/v2\/types\/page"}],"author":[{"embeddable":true,"href":"http:\/\/gifhorn-hilft.de\/index.php?rest_route=\/wp\/v2\/users\/1"}],"replies":[{"embeddable":true,"href":"http:\/\/gifhorn-hilft.de\/index.php?rest_route=%2Fwp%2Fv2%2Fcomments&post=903"}],"version-history":[{"count":8,"href":"http:\/\/gifhorn-hilft.de\/index.php?rest_route=\/wp\/v2\/pages\/903\/revisions"}],"predecessor-version":[{"id":1163,"href":"http:\/\/gifhorn-hilft.de\/index.php?rest_route=\/wp\/v2\/pages\/903\/revisions\/1163"}],"wp:attachment":[{"href":"http:\/\/gifhorn-hilft.de\/index.php?rest_route=%2Fwp%2Fv2%2Fmedia&parent=903"}],"curies":[{"name":"wp","href":"https:\/\/api.w.org\/{rel}","templated":true}]}}